of 1224969?
2
What is the hundred thousands digit of 138998?
1
What is the units digit of 1453266?
6
What is the units digit of 934647?
7
What is the tens digit of 3264264?
6
What is the thousands digit of 76734?
6
What is the hundred thousands digit of 2906062?
9
What is the units digit of 568017?
7
What is the units digit of 406336?
6
What is the hundreds digit of 409373?
3
What is the thousands digit of 337233?
7
What is the units digit of 650594?
4
What is the hundreds digit of 439640?
6
What is the hundred thousands digit of 17085472?
0
What is the tens digit of 228034?
3
What is the tens digit of 10821040?
4
What is the hundreds digit of 18519?
5
What is the hundreds digit of 8312552?
5
What is the tens digit of 718073?
7
What is the millions digit of 2728766?
2
What is the tens digit of 8602662?
6
What is the thousands digit of 3315776?
5
What is the ten thousands digit of 8866587?
6
What is the ten thousands digit of 678416?
7
What is the millions digit of 7496632?
7
What is the units digit of 1674719?
9
What is the hundreds digit of 3966081?
0
What is the millions digit of 3063916?
3
What is the ten thousands digit of 213309?
1
What is the units digit of 22101916?
6
What is the units digit of 1166646?
6
What is the thousands digit of 4096062?
6
What is the hundred thousands digit of 469417?
4
What is the hundreds digit of 340003?
0
What is the millions digit of 9696669?
9
What is the hundred thousands digit of 1633358?
6
What is the hundreds digit of 6522181?
1
What is the tens digit of 412431?
3
What is the hundred thousands digit of 7270983?
2
What is the thousands digit of 6836847?
6
What is the tens digit of 2882832?
3
What is the tens digit of 3282313?
1
What is the thousands digit of 8049480?
9
What is the hundreds digit of 2878112?
1
What is the units digit of 244147?
7
What is the hundreds digit of 2186141?
1
What is the hundred thousands digit of 114454?
1
What is the millions digit of 4221642?
4
What is the hundreds digit of 273047?
0
What is the thousands digit of 821650?
1
What is the units digit of 3725?
5
What is the hundred thousands digit of 628950?
6
What is the hundreds digit of 18914653?
6
What is the hundred thousands digit of 7367386?
3
What is the ten thousands digit of 7103522?
0
What is the ten thousands digit of 60180?
6
What is the millions digit of 1043697?
1
What is the tens digit of 140967?
6
What is the hundred thousands digit of 18933141?
9
What is the hundred thousands digit of 382621?
3
What is the ten thousands digit of 516557?
1
What is the thousands digit of 212373?
2
What is the thousands digit of 601777?
1
What is the tens digit of 14240115?
1
What is the thousands digit of 6208231?
8
What is the units digit of 1250172?
2
What is the thousands digit of 390563?
0
What is the units digit of 6617369?
9
What is the millions digit of 2506417?
2
What is the ten thousands digit of 173435?
7
What is the hundred thousands digit of 943599?
9
What is the thousands digit of 800482?
0
What is the thousands digit of 105965?
5
What is the tens digit of 207505?
0
What is the units digit of 727335?
5
What is the hundreds digit of 4994?
9
What is the hundreds digit of 1799371?
3
What is the hundreds digit of 808387?
3
What is the tens digit of 51077?
7
What is the millions digit of 35201611?
5
What is the hundreds digit of 189758?
7
What is the thousands digit of 87309?
7
What is the ten thousands digit of 812287?
1
What is the hundred thousands digit of 159242?
1
What is the millions digit of 20489287?
0
What is the tens digit of 42496?
9
What is the units digit of 28788007?
7
What is the units digit of 182656?
6
What is the thousands digit of 2598517?
8
What is the tens digit of 140188?
8
What is the hundreds digit of 452435?
4
What is the tens digit of 12841?
4
What is the ten thousands digit of 1532895?
3
What is the tens digit of 495269?
6
What is the ten millions digit of 21486155?
2
What is the millions digit of 1494200?
1
What is the hundred thousands digit of 4968813?
9
What is the hundreds digit of 442641?
6
What is the ten thousands digit of 205891?
0
What is the millions digit of 1736710?
1
What is the ten thousands digit of 727168?
2
What is the ten thousands digit of 192443?
9
What is the hundreds digit of 5432658?
6
What is the thousands digit of 4322425?
2
What is the millions digit of 4047455?
4
What is the thousands digit of 6281342?
1
What is the hundred thousands digit of 514297?
5
What is the thousands digit of 82850?
2
What is the ten thousands digit of 7623208?
2
What is the ten thousands digit of 1166541?
6
What is the thousands digit of 1865844?
5
What is the tens digit of 311760?
6
What is the ten thousands digit of 39962?
3
What is the hundreds digit of 2459014?
0
What is the hundreds digit of 1566864?
8
What is the tens digit of 862989?
8
What is the units digit of 3864676?
6
What is the ten thousands digit of 1839266?
3
What is the ten thousands digit of 7602108?
0
What is the hundred thousands digit of 1291016?
2
What is the units digit of 3770428?
8
What is the hundred thousands digit of 1001354?
0
What is the millions digit of 16822830?
6
What is the thousands digit of 388044?
8
What is the tens digit of 2840768?
6
What is the hundreds digit of 3044169?
1
What is the units digit of 445235?
5
What is the hundreds digit of 653445?
4
What is the ten thousands digit of 276702?
7
What is the units digit of 779745?
5
What is the tens digit of 510263?
6
What is the ten thousands digit of 20518737?
1
What is the units digit of 1074108?
8
What is the hundreds digit of 5114192?
1
What is the thousands digit of 1558103?
8
What is the hundreds digit of 14571696?
6
What is the ten thousands digit of 153563?
5
What is the units digit of 18676715?
5
What is the thousands digit of 202113?
2
What is the tens digit of 22353506?
0
What is the hundreds digit of 2972914?
9
What is the units digit of 2872064?
4
What is the ten thousands digit of 21936652?
3
What is the millions digit of 14320990?
4
What is the hundred thousands digit of 27405745?
4
What is the hundreds digit of 626962?
9
What is the thousands digit of 786142?
6
What is the tens digit of 3942206?
0
What is the hundred thousands digit of 905221?
9
What is the units digit of 690195?
5
What is the units digit of 1417593?
3
What is the thousands digit of 478236?
8
What is the ten thousands digit of 352918?
5
What is the tens digit of 1615277?
7
What is the millions digit of 26306158?
6
What is the ten thousands digit of 554367?
5
What is the hundred thousands digit of 356559?
3
What is the hundred thousands digit of 259920?
2
What is the ten millions digit of 19659460?
1
What is the ten thousands digit of 388951?
8
What is the units digit of 622622?
2
What is the hundreds digit of 70729?
7
What is the thousands digit of 10526?
0
What is the units digit of 880782?
2
What is the thousands digit of 1325764?
5
What is the ten thousands digit of 15669702?
6
What is the millions digit of 6451663?
6
What is the ten thousands digit of 24279050?
7
What is the thousands digit of 5537618?
7
What is the thousands digit of 118308?
8
What is the thousands digit of 197270?
7
What is the hundred thousands digit of 2198222?
1
What is the ten thousands digit of 573896?
7
What is the ten thousands digit of 4412692?
1
What is the hundred thousands digit of 166233?
1
What is the hundreds digit of 1013386?
3
What is the thousands digit of 1329529?
9
What is the hundred thousands digit of 2105187?
1
What is the thousands digit of 4002788?
2
What is the tens digit of 5517448?
4
What is the ten thousands digit of 7990653?
9
What is the tens digit of 1659699?
9
What is the units digit of 45428?
8
What is the hundreds digit of 136942?
9
What is the thousands digit of 234269?
4
What is the units digit of 1856019?
9
What is the thousands digit of 280332?
0
What is the thousands digit of 1996923?
6
What is the thousands digit of 964298?
4
What is the units digit of 2293639?
9
What is the ten thousands digit of 402088?
0
What is the thousands digit of 8488596?
8
What is the hundreds digit of 152957?
9
What is the thousands digit of 142137?
2
What is the tens digit of 5709758?
5
What is the hundreds digit of 4636461?
4
What is the thousands digit of 1772881?
2
What is t